what is 4002412422 - -21?
4002412443
In base 11, what is 669 - 1a490?
-19922
In base 2, what is -1111101101110111 - -100000?
-1111101101010111
In base 10, what is -253 - -834?
581
In base 6, what is 0 - -5345140410?
5345140410
In base 7, what is 1 - -15565102?
15565103
In base 10, what is -24721 - -76?
-24645
In base 4, what is -11 + 300220213?
300220202
In base 11, what is a5a - -15791?
16740
In base 10, what is 2 - -14888?
14890
In base 8, what is 4027 - -103313?
107342
In base 15, what is -971 + e385?
d914
In base 12, what is 198887b - 78?
1988803
In base 12, what is -7421503 + -4?
-7421507
In base 10, what is -795503 + -275?
-795778
In base 13, what is -142 - 25770?
-258b2
In base 3, what is -110 + 1010100021101222?
1010100021101112
In base 9, what is 1433004 - 1078?
1431815
In base 4, what is 10 - -1133303230110?
1133303230120
In base 6, what is 43145 - 3114?
40031
In base 10, what is 133286 + -115?
133171
In base 3, what is 221 - -112222012120121?
112222012121112
In base 4, what is -133231110 + 220?
-133230230
In base 11, what is -340aa + 861?
-33349
In base 4, what is -1003 + -2131200123?
-2131201132
In base 15, what is -73dd9bd + -3?
-73dd9c1
In base 2, what is 1100110000001001 - -111110011?
1100110111111100
In base 2, what is 110010 - -10101100011110010111101?
10101100011110011101111
In base 12, what is -74 - -100017?
bbb63
In base 7, what is 20213440 - -30?
20213500
In base 8, what is -101043242 - 57?
-101043321
In base 6, what is -4033153145 + 3?
-4033153142
In base 16, what is -e51696 + -1?
-e51697
In base 14, what is d13 + 2a17?
392a
In base 4, what is -1203033033 - -32?
-1203033001
In base 8, what is 613 - 12275?
-11462
In base 2, what is -1000000 + -10101111010110110011?
-10101111010111110011
In base 6, what is 21110234 - 2?
21110232
In base 3, what is 10111121021 + -10201?
10111110120
In base 6, what is 135453 + -2331553?
-2152100
In base 11, what is -6 - -a50583?
a50578
In base 2, what is -1000010000110101000 + -10111100111?
-1000010011110001111
In base 6, what is -111 - -12455131?
12455020
In base 5, what is 4222 + 1011133?
1020410
In base 16, what is -23a3af4 - 4?
-23a3af8
In base 13, what is -b + 548099?
54808b
In base 12, what is 7 + 7643349?
7643354
In base 11, what is 1 + 69969009?
6996900a
In base 12, what is -a06b + 833?
-9438
In base 3, what is 1001001 + -2120121?
-1112120
In base 13, what is -870c - 5528?
-10c37
In base 4, what is -203203311112 + -2?
-203203311120
In base 4, what is -2023312111121 + 0?
-2023312111121
In base 5, what is -1013323222 + -2?
-1013323224
In base 12, what is -35 - b73a93?
-b73b08
In base 11, what is a + 20006a?
200079
In base 10, what is -204833190 + 1?
-204833189
In base 14, what is 62b0 - -193?
6463
In base 11, what is -1 + 11aa2145?
11aa2144
In base 3, what is 1001220011 + 20002112?
1021222200
In base 2, what is -10111011001000 - -111000100111?
-10000010100001
In base 9, what is -832001157 - -2?
-832001155
In base 7, what is -15235 - -422653?
404415
In base 14, what is 21 - -ad35?
ad56
In base 3, what is 11200012211 - 11200?
11200001011
In base 12, what is -5 + 87b2a6?
87b2a1
In base 12, what is 18 - 3373099?
-3373081
In base 16, what is 8ff15 - -2d?
8ff42
In base 6, what is 112 - 13534?
-13422
In base 16, what is 836 + -2e48?
-2612
In base 6, what is 1451430011 - -51?
1451430102
In base 11, what is -98 + 94165?
94078
In base 7, what is 6001 + -2526?
3142
In base 15, what is 34ce1ae - 4?
34ce1aa
In base 2, what is -110010000101010110110101 + 1000?
-110010000101010110101101
In base 14, what is 6 + -da02d?
-da027
In base 4, what is -223112311 + 11230?
-223101021
In base 7, what is -115 + 1353?
1235
In base 15, what is -6 + 5bd5209?
5bd5203
In base 4, what is 132100 + 112011313?
112210013
In base 14, what is -15964c + -14a?
-159798
In base 4, what is 203112123 + -33?
203112030
In base 4, what is 3 + -10331331331030?
-10331331331021
In base 3, what is 202202 - 2020121120100?
-2020120210121
In base 2, what is -1101000101101101 - 1000000110000?
-1110000110011101
In base 9, what is -1 - -14400035?
14400034
In base 3, what is -10212002122021 + 10202?
-10212002111112
In base 5, what is -400144 + 1023231?
123032
In base 10, what is -3 + -5457060?
-5457063
In base 12, what is 3 - -10b4506?
10b4509
In base 3, what is 12220101002001 + -21?
12220101001210
In base 3, what is 1120110210 - -2122?
1120120102
In base 15, what is -1 - -809cc2?
809cc1
In base 9, what is -588102825 + 4?
-588102821
In base 12, what is -aa12a44 - -12?
-aa12a32
In base 16, what is -9b0dee - -c?
-9b0de2
In base 14, what is a8 + -4015?
-3d4b
In base 14, what is 4 - -a7233?
a7237
In base 6, what is 223015524 + -11?
223015513
In base 12, what is -34137 - 5317?
-39452
In base 15, what is 2e4 - -8392?
8686
In base 2, what is 11 + 111001110111111010011?
111001110111111010110
In base 12, what is 5a50067 - -7?
5a50072
In base 9, what is 1531027 - -131?
1531158
In base 12, what is -72a + 82ab?
7781
In base 5, what is 1314 - -3333310?
3340124
In base 14, what is -2a5a05a - -2?
-2a5a058
In base 8, what is -11 + -105370173?
-105370204
In base 11, what is 146352955 - -1?
146352956
In base 10, what is -2034 - -271?
-1763
In base 12, what is -3171a5 - 1?
-3171a6
In base 8, what is 216 - -12142?
12360
In base 7, what is -31610510 - 6?
-31610516
In base 9, what is -1835114 - 3?
-1835117
In base 2, what is 11101000011001001111110 + -111?
11101000011001001110111
In base 13, what is b928 - 14119?
-54c1
In base 11, what is 457a833 + -a?
457a824
In base 9, what is 25057 - 1414?
23543
In base 5, what is -1131 + -1111040?
-1112221
In base 16, what is 264 - d28?
-ac4
In base 14, what is 662d + -96b8?
-3089
In base 5, what is -30444 - 1011323?
-1042322
In base 6, what is -1230523 + -240?
-1231203
In base 11, what is -730107 - 1?
-730108
In base 16, what is -19de + -695?
-2073
In base 6, what is -13 + -54224501?
-54224514
In base 13, what is -1026b72 + -4?
-1026b76
In base 7, what is -226 + 350102?
346543
In base 7, what is 6405102534 + 5?
6405102542
In base 13, what is c9 + -1481b?
-14722
In base 3, what is 2222201 - 201002001?
-121002100
In base 4, what is 200 + 2111333130021?
2111333130221
In base 5, what is -202 + -222244021?
-222244223
In base 14, what is 1c4 + -2a32b?
-2a147
In base 10, what is 1092255 + 50?
1092305
In base 14, what is 5 + a3b2b?
a3b32
In base 2, what is 1001 - -1000010010111000010001?
1000010010111000011010
In base 11, what is 30247636 + -3?
30247633
In base 8, what is 336 + 64215?
64553
In base 7, what is 1415 + 1505452?
1510200
In base 11, what is 5a5 - -1220?
1815
In base 5, what is 30 + 104411013320?
104411013400
In base 9, what is 16 - -24565707?
24565724
In base 16, what is 1 + 1f392d0?
1f392d1
In base 8, what is -15741 - 11610?
-27551
In base 13, what is 6ab068b - -5?
6ab0693
In base 15, what is 8be - 289?
635
In base 2, what is -11110001011100101 - -1001110010100?
-11100111101010001
In base 8, what is 170 - 7647227?
-7647037
In base 11, what is -1041862 + -22?
-1041884
In base 5, what is -1 + 42210231133?
42210231132
In base 8, what is -70413706 + -7?
-70413715
In base 14, what is 213 + 809c2?
80bd5
In base 2, what is -100011101 + -1000101000110111001?
-1000101001011010110
In base 13, what is -201 - 7b07?
-8008
In base 9, what is -786 + 11402?
10505
In base 3, what is 1 + -200222100002002?
-200222100002001
In base 15, what is 51 - 2493?
-2442
In base 9, what is -1111630 - 2303?
-1114033
In base 5, what is 4403 + -2312130?
-2302222
In base 10, what is 2096 + -40?
2056
In base 15, what is 440143 - 7?
44013b
In base 7, what is 36460641 - -4?
36460645
In base 16, what is dbe2 + ac?
dc8e
In base 11, what is -470a - -1453?
-3267
In base 11, what is -72181 - 97?
-72268
In base 2, what is 1 - -1101000010000011110101000?
1101000010000011110101001
In base 14, what is 4 + 4cd047?
4cd04b
In base 7, what is 2455514 - -2560?
2461404
In base 14, what is -1772366 - 7?
-177236d
In base 6, what is 0 - 4134225034?
-4134225034
In base 3, what is -20222120120111 + 201?
-20222120112210
In base 14, what is -1bd - -1593c4?
159205
In base 15, what is -2290414 + 3?
-2290411
In base 14, what is -100 + 10903?
10803
In base 4, what is 331332020 - -20?
331332100
In base 10, what is 0 - 3674447?
-3674447
In base 9, what is -1834824113 - 3?
-183482411